{"id":2,"date":"2023-02-01T15:50:43","date_gmt":"2023-02-01T14:50:43","guid":{"rendered":"http:\/\/dev.trancelab.my-learning.fr\/?page_id=2"},"modified":"2023-06-16T14:31:59","modified_gmt":"2023-06-16T12:31:59","slug":"page-d-exemple","status":"publish","type":"page","link":"https:\/\/trancelab.my-learning.fr\/avpf_admin\/page-d-exemple\/","title":{"rendered":"Mentions l\u00e9gales"},"content":{"rendered":"\n<p><em>Mise \u00e0 jour le 15 mai 2023<\/em><\/p>\n\n\n\n<h3 class=\"wp-block-heading\"><strong>\u00c9diteur<\/strong><\/h3>\n\n\n\n<p>Ce site est la propri\u00e9t\u00e9 de la soci\u00e9t\u00e9\u00a0<strong>TranceLab Training Institute<\/strong>, d\u00e9sign\u00e9 \u00e9galement\u00a0<strong>TranceLab Institute<\/strong>\u00a0ou simplement<strong>TranceLab<\/strong>\u00a0, et dont le si\u00e8ge social est situ\u00e9 :<br>64 rue Monceau<br>75008 Paris &#8211; France<\/p>\n\n\n\n<p>Soci\u00e9t\u00e9 par Actions Simplifi\u00e9e \u00e0 associ\u00e9 unique (SASU) au capital social de 7 000,00 \u20ac<br>RCS Paris n\u00b0 892 656 760<br>SIRET n\u00b0 892 656 760 00014<br>NAF n\u00b0 9499Z<br>TVA Intracommunautaire n\u00b0 FR 15 892 656 760<\/p>\n\n\n\n<h3 class=\"wp-block-heading\">Responsables de la Publication<\/h3>\n\n\n\n<p>Corine SOMBRUN : Pr\u00e9sidente<\/p>\n\n\n\n<h3 class=\"wp-block-heading\">H\u00e9bergement<\/h3>\n\n\n\n<p>Ce site est h\u00e9berg\u00e9 par la soci\u00e9t\u00e9 :<\/p>\n\n\n\n<p>OVH<br>2 rue Kellermann<br>59100 Roubaix &#8211; France<\/p>\n\n\n\n<p>SAS au capital social de 10 059 500 \u20ac<br>RCS Lille M\u00e9tropole 424 761 419<br><a rel=\"noreferrer noopener\" href=\"https:\/\/www.ovh.com\/fr\/\" target=\"_blank\">https:\/\/www.ovh.com\/fr\/<\/a><\/p>\n\n\n\n<h3 class=\"wp-block-heading\">1. Conditions d&rsquo;utilisation du site<\/h3>\n\n\n\n<p>Les donn\u00e9es mises en ligne sur le pr\u00e9sent site Internet n&rsquo;ont pour objectif que d&rsquo;informer les visiteurs sur les prestations, l&rsquo;organisation, les \u00e9quipement, et le fonctionnement de notre \u00e9tablissement. La fondation&nbsp;<strong>TranceLab<\/strong>&nbsp;se r\u00e9serve le droit exclusif de modifier, restreindre ou supprimer le site ou une partie de son contenu, \u00e0 sa seule discr\u00e9tion et sous quelque forme que ce soit. Ce site est r\u00e9guli\u00e8rement mis \u00e0 jour et contr\u00f4l\u00e9. Toutefois, si des erreurs ou omissions sont susceptibles de s&rsquo;infiltrer dans nos pages, la fondation&nbsp;<strong>TranceLab<\/strong>&nbsp;ne pourra en \u00eatre tenu pour responsable.<\/p>\n\n\n\n<p>Tout visiteur estimant que le site porte atteinte \u00e0 ses droits \u00e0 la personnalit\u00e9 (diffamation, droits d&rsquo;auteur\u2026) s&rsquo;engage \u00e0 en informer le titulaire du site pr\u00e9alablement \u00e0 toute proc\u00e9dure judiciaire afin de permettre une cessation spontan\u00e9e de l&rsquo;atteinte si celle-ci est av\u00e9r\u00e9e.<\/p>\n\n\n\n<p>Parall\u00e8lement, le Responsable de la Publication s&rsquo;engage \u00e0 retirer toute repr\u00e9sentation d&rsquo;une \u0153uvre ou d&rsquo;une marque qui contreviendrait \u00e0 des droits prot\u00e9g\u00e9s au titre de la propri\u00e9t\u00e9 intellectuelle.<\/p>\n\n\n\n<p>Tout visiteur situ\u00e9 \u00e0 l&rsquo;\u00e9tranger s&rsquo;engage \u00e0 quitter le site si tout ou partie de son contenu contrevient \u00e0 la l\u00e9gislation de son \u00c9tat, le titulaire du site d\u00e9clinant toute responsabilit\u00e9 en pareille situation.<\/p>\n\n\n\n<h3 class=\"wp-block-heading\">2. Protection du droit d&rsquo;auteur et l\u00e9gislation applicable<\/h3>\n\n\n\n<p>L&rsquo;ensemble de ce site rel\u00e8ve de la l\u00e9gislation fran\u00e7aise, sur le droit d&rsquo;auteur et la propri\u00e9t\u00e9 intellectuelle. Seule la loi fran\u00e7aise est applicable.<br>Tous les droits de reproduction sont r\u00e9serv\u00e9s y compris pour les textes, les documents t\u00e9l\u00e9chargeables et les repr\u00e9sentations iconographiques et photographiques.<\/p>\n\n\n\n<p>Par cons\u00e9quent, toute repr\u00e9sentation totale ou partielle de ce site par quelque proc\u00e9d\u00e9 que se soit, sans l&rsquo;autorisation expresse de la fondation&nbsp;<strong>TranceLab<\/strong>&nbsp;est interdite et constituerait une contrefa\u00e7on sanctionn\u00e9e par le Code de la Propri\u00e9t\u00e9 Intellectuelle.<\/p>\n\n\n\n<p>En cas de litige, le Tribunal d&rsquo;Instance de Paris (75, France) est seul comp\u00e9tent, y compris en cas de recours en garantie ou de pluralit\u00e9 de d\u00e9fendeurs.<\/p>\n\n\n\n<h3 class=\"wp-block-heading\">3. Cr\u00e9dits photos &amp; vid\u00e9os<\/h3>\n\n\n\n<p>TranceLab Training Institute<\/p>\n\n\n\n<p>Production des contenus et de la plateforme : <a href=\"http:\/\/www.avprod.fr\" data-type=\"URL\" data-id=\"www.avprod.fr\" target=\"_blank\" rel=\"noreferrer noopener\">AV Prod<\/a><\/p>\n\n\n\n<h3 class=\"wp-block-heading\">4. CNIL et gestion des donn\u00e9es personnelles.<\/h3>\n\n\n\n<p>Conform\u00e9ment aux dispositions de la loi&nbsp;<a rel=\"noreferrer noopener\" href=\"https:\/\/www.legifrance.gouv.fr\/loda\/id\/JORFTEXT000000886460\/\" target=\"_blank\">78-17 du 6 janvier 1978 modifi\u00e9e<\/a>, l\u2019utilisateur du site&nbsp;<\/p>\n\n\n\n<p>Le site&nbsp;<strong><a href=\"https:\/\/trancelab.my-learning.fr\/\">TranceLab<\/a><\/strong> contient des liens hypertextes vers d\u2019autres sites et d\u00e9gage toute responsabilit\u00e9 \u00e0 propos de ces liens externes ou des liens cr\u00e9\u00e9s par d\u2019autres sites vers&nbsp;<strong><a href=\"https:\/\/trancelab.my-learning.fr\/\">TranceLab<\/a><\/strong> dispose d\u2019un droit d\u2019acc\u00e8s, de modification et de suppression des informations collect\u00e9es. Pour exercer ce droit, envoyez un message \u00e0 notre D\u00e9l\u00e9gu\u00e9 \u00e0 la Protection des Donn\u00e9es.<\/p>\n\n\n\n<p>Pour plus d\u2019informations sur la fa\u00e7on dont nous traitons vos donn\u00e9es (type de donn\u00e9es, finalit\u00e9, destinataire\u2026), lisez notre Politique de Confidentialit\u00e9.<br>Il est \u00e9galement possible de&nbsp;<a rel=\"noreferrer noopener\" href=\"https:\/\/www.cnil.fr\/fr\/plaintes\" target=\"_blank\">d\u00e9poser une r\u00e9clamation aupr\u00e8s de la CNIL<\/a>.<\/p>\n\n\n\n<h4 class=\"wp-block-heading\">5. Liens hypertextes et cookies<\/h4>\n\n\n\n<p>Le site&nbsp;<strong><a href=\"https:\/\/trancelab.my-learning.fr\/\">TranceLab<\/a><\/strong> contient des liens hypertextes vers d\u2019autres sites et d\u00e9gage toute responsabilit\u00e9 \u00e0 propos de ces liens externes ou des liens cr\u00e9\u00e9s par d\u2019autres sites vers&nbsp;<strong><a href=\"https:\/\/trancelab.my-learning.fr\/\">TranceLab<\/a><\/strong>. La navigation sur le site&nbsp;<strong><a href=\"https:\/\/trancelab.my-learning.fr\/\">TranceLab<\/a><\/strong> est susceptible de provoquer l\u2019installation de cookie(s) sur l\u2019ordinateur de l\u2019utilisateur.<\/p>\n\n\n\n<p>Un \u201ccookie\u201d est un fichier de petite taille qui enregistre des informations relatives \u00e0 la navigation d\u2019un utilisateur sur un site. Les donn\u00e9es ainsi obtenues permettent d\u2019obtenir des mesures de fr\u00e9quentation, par exemple.<\/p>\n\n\n\n<p>Vous avez la possibilit\u00e9&nbsp;d\u2019accepter ou de refuser les cookies&nbsp;en modifiant les param\u00e8tres de votre navigateur. Aucun cookie ne sera d\u00e9pos\u00e9 sans votre consentement.Les cookies sont enregistr\u00e9s pour une dur\u00e9e maximale de 3 mois.<\/p>\n\n\n\n<h3 class=\"wp-block-heading\">6. Droit applicable et attribution de juridiction.<\/h3>\n\n\n\n<p>Tout litige en relation avec l\u2019utilisation du site&nbsp;<strong><a href=\"https:\/\/trancelab.my-learning.fr\/\">TranceLab<\/a><\/strong>&nbsp;est soumis au droit fran\u00e7ais. En dehors des cas o\u00f9 la loi ne le permet pas, il est fait attribution exclusive de juridiction aux tribunaux comp\u00e9tents de Greffe du Tribunal de Commerce de Lille M\u00e9tropole.<\/p>\n","protected":false},"excerpt":{"rendered":"<p>Mise \u00e0 jour le 15 mai 2023 \u00c9diteur Ce site est la propri\u00e9t\u00e9 de la soci\u00e9t\u00e9\u00a0TranceLab Training Institute, d\u00e9sign\u00e9 \u00e9galement\u00a0TranceLab<\/p>\n","protected":false},"author":1,"featured_media":0,"parent":0,"menu_order":0,"comment_status":"closed","ping_status":"open","template":"","meta":{"_tutorstarter_page_metadata":[],"footnotes":""},"class_list":["post-2","page","type-page","status-publish","hentry"],"_links":{"self":[{"href":"https:\/\/trancelab.my-learning.fr\/avpf_admin\/wp-json\/wp\/v2\/pages\/2","targetHints":{"allow":["GET"]}}],"collection":[{"href":"https:\/\/trancelab.my-learning.fr\/avpf_admin\/wp-json\/wp\/v2\/pages"}],"about":[{"href":"https:\/\/trancelab.my-learning.fr\/avpf_admin\/wp-json\/wp\/v2\/types\/page"}],"author":[{"embeddable":true,"href":"https:\/\/trancelab.my-learning.fr\/avpf_admin\/wp-json\/wp\/v2\/users\/1"}],"replies":[{"embeddable":true,"href":"https:\/\/trancelab.my-learning.fr\/avpf_admin\/wp-json\/wp\/v2\/comments?post=2"}],"version-history":[{"count":4,"href":"https:\/\/trancelab.my-learning.fr\/avpf_admin\/wp-json\/wp\/v2\/pages\/2\/revisions"}],"predecessor-version":[{"id":8436,"href":"https:\/\/trancelab.my-learning.fr\/avpf_admin\/wp-json\/wp\/v2\/pages\/2\/revisions\/8436"}],"wp:attachment":[{"href":"https:\/\/trancelab.my-learning.fr\/avpf_admin\/wp-json\/wp\/v2\/media?parent=2"}],"curies":[{"name":"wp","href":"https:\/\/api.w.org\/{rel}","templated":true}]}}